{"id":4517,"date":"2022-12-06T22:36:46","date_gmt":"2022-12-06T21:36:46","guid":{"rendered":"https:\/\/marionlomonaco.fr\/?post_type=tribe_events&#038;p=4517"},"modified":"2022-12-06T22:36:46","modified_gmt":"2022-12-06T21:36:46","slug":"samedi-25-fevrier-a-20h30-participation-a-la-cloture-du-festival","status":"publish","type":"tribe_events","link":"https:\/\/marionlomonaco.fr\/?tribe_events=samedi-25-fevrier-a-20h30-participation-a-la-cloture-du-festival","title":{"rendered":"samedi 25 f\u00e9vrier \u00e0 20h30 : Participation \u00e0 la cl\u00f4ture du festival"},"content":{"rendered":"<p><strong>Florac (48), programmation festival \u00ab\u00a0Contes et rencontres\u00a0\u00bb<\/strong><\/p>\n","protected":false},"excerpt":{"rendered":"<p>Florac (48), programmation festival \u00ab\u00a0Contes et rencontres\u00a0\u00bb<\/p>\n","protected":false},"author":1,"featured_media":0,"comment_status":"open","ping_status":"closed","template":"","meta":{"_et_pb_use_builder":"","_et_pb_old_content":"","_et_gb_content_width":""},"tags":[],"tribe_events_cat":[9],"yoast_head":"<!-- This site is optimized with the Yoast SEO plugin v17.3 - https:\/\/yoast.com\/wordpress\/plugins\/seo\/ -->\n<title>samedi 25 f\u00e9vrier \u00e0 20h30 : Participation \u00e0 la cl\u00f4ture du festival - Marion Lo Monaco<\/title>\n<meta name=\"robots\" content=\"index, follow, max-snippet:-1, max-image-preview:large, max-video-preview:-1\" \/>\n<link rel=\"canonical\" href=\"https:\/\/marionlomonaco.fr\/?tribe_events=samedi-25-fevrier-a-20h30-participation-a-la-cloture-du-festival\" \/>\n<meta property=\"og:locale\" content=\"fr_FR\" \/>\n<meta property=\"og:type\" content=\"article\" \/>\n<meta property=\"og:title\" content=\"samedi 25 f\u00e9vrier \u00e0 20h30 : Participation \u00e0 la cl\u00f4ture du festival - Marion Lo Monaco\" \/>\n<meta property=\"og:description\" content=\"Florac (48), programmation festival \u00ab\u00a0Contes et rencontres\u00a0\u00bb\" \/>\n<meta property=\"og:url\" content=\"https:\/\/marionlomonaco.fr\/?tribe_events=samedi-25-fevrier-a-20h30-participation-a-la-cloture-du-festival\" \/>\n<meta property=\"og:site_name\" content=\"Marion Lo Monaco\" \/>\n<meta name=\"twitter:card\" content=\"summary\" \/>\n<meta name=\"twitter:label1\" content=\"Dur\u00e9e de lecture estim\u00e9e\" \/>\n\t<meta name=\"twitter:data1\" content=\"1 minute\" \/>\n<script type=\"application\/ld+json\" class=\"yoast-schema-graph\">{\"@context\":\"https:\/\/schema.org\",\"@graph\":[{\"@type\":\"WebSite\",\"@id\":\"https:\/\/marionlomonaco.fr\/#website\",\"url\":\"https:\/\/marionlomonaco.fr\/\",\"name\":\"Marion Lo Monaco\",\"description\":\"Atelier LA MONA - Vitraux\",\"potentialAction\":[{\"@type\":\"SearchAction\",\"target\":{\"@type\":\"EntryPoint\",\"urlTemplate\":\"https:\/\/marionlomonaco.fr\/?s={search_term_string}\"},\"query-input\":\"required name=search_term_string\"}],\"inLanguage\":\"fr-FR\"},{\"@type\":\"WebPage\",\"@id\":\"https:\/\/marionlomonaco.fr\/?tribe_events=samedi-25-fevrier-a-20h30-participation-a-la-cloture-du-festival#webpage\",\"url\":\"https:\/\/marionlomonaco.fr\/?tribe_events=samedi-25-fevrier-a-20h30-participation-a-la-cloture-du-festival\",\"name\":\"samedi 25 f\\u00e9vrier \\u00e0 20h30 : Participation \\u00e0 la cl\\u00f4ture du festival - Marion Lo Monaco\",\"isPartOf\":{\"@id\":\"https:\/\/marionlomonaco.fr\/#website\"},\"datePublished\":\"2022-12-06T21:36:46+00:00\",\"dateModified\":\"2022-12-06T21:36:46+00:00\",\"breadcrumb\":{\"@id\":\"https:\/\/marionlomonaco.fr\/?tribe_events=samedi-25-fevrier-a-20h30-participation-a-la-cloture-du-festival#breadcrumb\"},\"inLanguage\":\"fr-FR\",\"potentialAction\":[{\"@type\":\"ReadAction\",\"target\":[\"https:\/\/marionlomonaco.fr\/?tribe_events=samedi-25-fevrier-a-20h30-participation-a-la-cloture-du-festival\"]}]},{\"@type\":\"BreadcrumbList\",\"@id\":\"https:\/\/marionlomonaco.fr\/?tribe_events=samedi-25-fevrier-a-20h30-participation-a-la-cloture-du-festival#breadcrumb\",\"itemListElement\":[{\"@type\":\"ListItem\",\"position\":1,\"name\":\"Accueil\",\"item\":\"https:\/\/marionlomonaco.fr\/\"},{\"@type\":\"ListItem\",\"position\":2,\"name\":\"\\u00c9v\\u00e8nements\",\"item\":\"http:\/\/marionlomonaco.fr\/?post_type=tribe_events\"},{\"@type\":\"ListItem\",\"position\":3,\"name\":\"samedi 25 f\\u00e9vrier \\u00e0 20h30 : Participation \\u00e0 la cl\\u00f4ture du festival\"}]}]}<\/script>\n<!-- \/ Yoast SEO plugin. -->","yoast_head_json":{"title":"samedi 25 f\u00e9vrier \u00e0 20h30 : Participation \u00e0 la cl\u00f4ture du festival - Marion Lo Monaco","robots":{"index":"index","follow":"follow","max-snippet":"max-snippet:-1","max-image-preview":"max-image-preview:large","max-video-preview":"max-video-preview:-1"},"canonical":"https:\/\/marionlomonaco.fr\/?tribe_events=samedi-25-fevrier-a-20h30-participation-a-la-cloture-du-festival","og_locale":"fr_FR","og_type":"article","og_title":"samedi 25 f\u00e9vrier \u00e0 20h30 : Participation \u00e0 la cl\u00f4ture du festival - Marion Lo Monaco","og_description":"Florac (48), programmation festival \u00ab\u00a0Contes et rencontres\u00a0\u00bb","og_url":"https:\/\/marionlomonaco.fr\/?tribe_events=samedi-25-fevrier-a-20h30-participation-a-la-cloture-du-festival","og_site_name":"Marion Lo Monaco","twitter_card":"summary","twitter_misc":{"Dur\u00e9e de lecture estim\u00e9e":"1 minute"},"schema":{"@context":"https:\/\/schema.org","@graph":[{"@type":"WebSite","@id":"https:\/\/marionlomonaco.fr\/#website","url":"https:\/\/marionlomonaco.fr\/","name":"Marion Lo Monaco","description":"Atelier LA MONA - Vitraux","potentialAction":[{"@type":"SearchAction","target":{"@type":"EntryPoint","urlTemplate":"https:\/\/marionlomonaco.fr\/?s={search_term_string}"},"query-input":"required name=search_term_string"}],"inLanguage":"fr-FR"},{"@type":"WebPage","@id":"https:\/\/marionlomonaco.fr\/?tribe_events=samedi-25-fevrier-a-20h30-participation-a-la-cloture-du-festival#webpage","url":"https:\/\/marionlomonaco.fr\/?tribe_events=samedi-25-fevrier-a-20h30-participation-a-la-cloture-du-festival","name":"samedi 25 f\u00e9vrier \u00e0 20h30 : Participation \u00e0 la cl\u00f4ture du festival - Marion Lo Monaco","isPartOf":{"@id":"https:\/\/marionlomonaco.fr\/#website"},"datePublished":"2022-12-06T21:36:46+00:00","dateModified":"2022-12-06T21:36:46+00:00","breadcrumb":{"@id":"https:\/\/marionlomonaco.fr\/?tribe_events=samedi-25-fevrier-a-20h30-participation-a-la-cloture-du-festival#breadcrumb"},"inLanguage":"fr-FR","potentialAction":[{"@type":"ReadAction","target":["https:\/\/marionlomonaco.fr\/?tribe_events=samedi-25-fevrier-a-20h30-participation-a-la-cloture-du-festival"]}]},{"@type":"BreadcrumbList","@id":"https:\/\/marionlomonaco.fr\/?tribe_events=samedi-25-fevrier-a-20h30-participation-a-la-cloture-du-festival#breadcrumb","itemListElement":[{"@type":"ListItem","position":1,"name":"Accueil","item":"https:\/\/marionlomonaco.fr\/"},{"@type":"ListItem","position":2,"name":"\u00c9v\u00e8nements","item":"http:\/\/marionlomonaco.fr\/?post_type=tribe_events"},{"@type":"ListItem","position":3,"name":"samedi 25 f\u00e9vrier \u00e0 20h30 : Participation \u00e0 la cl\u00f4ture du festival"}]}]}},"_links":{"self":[{"href":"https:\/\/marionlomonaco.fr\/index.php?rest_route=\/wp\/v2\/tribe_events\/4517"}],"collection":[{"href":"https:\/\/marionlomonaco.fr\/index.php?rest_route=\/wp\/v2\/tribe_events"}],"about":[{"href":"https:\/\/marionlomonaco.fr\/index.php?rest_route=\/wp\/v2\/types\/tribe_events"}],"author":[{"embeddable":true,"href":"https:\/\/marionlomonaco.fr\/index.php?rest_route=\/wp\/v2\/users\/1"}],"replies":[{"embeddable":true,"href":"https:\/\/marionlomonaco.fr\/index.php?rest_route=%2Fwp%2Fv2%2Fcomments&post=4517"}],"version-history":[{"count":1,"href":"https:\/\/marionlomonaco.fr\/index.php?rest_route=\/wp\/v2\/tribe_events\/4517\/revisions"}],"predecessor-version":[{"id":4518,"href":"https:\/\/marionlomonaco.fr\/index.php?rest_route=\/wp\/v2\/tribe_events\/4517\/revisions\/4518"}],"wp:attachment":[{"href":"https:\/\/marionlomonaco.fr\/index.php?rest_route=%2Fwp%2Fv2%2Fmedia&parent=4517"}],"wp:term":[{"taxonomy":"post_tag","embeddable":true,"href":"https:\/\/marionlomonaco.fr\/index.php?rest_route=%2Fwp%2Fv2%2Ftags&post=4517"},{"taxonomy":"tribe_events_cat","embeddable":true,"href":"https:\/\/marionlomonaco.fr\/index.php?rest_route=%2Fwp%2Fv2%2Ftribe_events_cat&post=4517"}],"curies":[{"name":"wp","href":"https:\/\/api.w.org\/{rel}","templated":true}]}}

samedi 25 février à 20h30 : Participation à la clôture du festival

<!-- This site is optimized with the Yoast SEO plugin v17.3 - https://yoast.com/wordpress/plugins/seo/ -->
<title>samedi 25 février à 20h30 : Participation à la clôture du festival - Marion Lo Monaco</title>
<meta name="robots" content="index, follow, max-snippet:-1, max-image-preview:large, max-video-preview:-1" />
<link rel="canonical" href="https://marionlomonaco.fr/?tribe_events=samedi-25-fevrier-a-20h30-participation-a-la-cloture-du-festival" />
<meta property="og:locale" content="fr_FR" />
<meta property="og:type" content="article" />
<meta property="og:title" content="samedi 25 février à 20h30 : Participation à la clôture du festival - Marion Lo Monaco" />
<meta property="og:description" content="Florac (48), programmation festival « Contes et rencontres »" />
<meta property="og:url" content="https://marionlomonaco.fr/?tribe_events=samedi-25-fevrier-a-20h30-participation-a-la-cloture-du-festival" />
<meta property="og:site_name" content="Marion Lo Monaco" />
<meta name="twitter:card" content="summary" />
<meta name="twitter:label1" content="Durée de lecture estimée" />
	<meta name="twitter:data1" content="1 minute" />
<script type="application/ld+json" class="yoast-schema-graph">{"@context":"https://schema.org","@graph":[{"@type":"WebSite","@id":"https://marionlomonaco.fr/#website","url":"https://marionlomonaco.fr/","name":"Marion Lo Monaco","description":"Atelier LA MONA - Vitraux","potentialAction":[{"@type":"SearchAction","target":{"@type":"EntryPoint","urlTemplate":"https://marionlomonaco.fr/?s={search_term_string}"},"query-input":"required name=search_term_string"}],"inLanguage":"fr-FR"},{"@type":"WebPage","@id":"https://marionlomonaco.fr/?tribe_events=samedi-25-fevrier-a-20h30-participation-a-la-cloture-du-festival#webpage","url":"https://marionlomonaco.fr/?tribe_events=samedi-25-fevrier-a-20h30-participation-a-la-cloture-du-festival","name":"samedi 25 f\u00e9vrier \u00e0 20h30 : Participation \u00e0 la cl\u00f4ture du festival - Marion Lo Monaco","isPartOf":{"@id":"https://marionlomonaco.fr/#website"},"datePublished":"2022-12-06T21:36:46+00:00","dateModified":"2022-12-06T21:36:46+00:00","breadcrumb":{"@id":"https://marionlomonaco.fr/?tribe_events=samedi-25-fevrier-a-20h30-participation-a-la-cloture-du-festival#breadcrumb"},"inLanguage":"fr-FR","potentialAction":[{"@type":"ReadAction","target":["https://marionlomonaco.fr/?tribe_events=samedi-25-fevrier-a-20h30-participation-a-la-cloture-du-festival"]}]},{"@type":"BreadcrumbList","@id":"https://marionlomonaco.fr/?tribe_events=samedi-25-fevrier-a-20h30-participation-a-la-cloture-du-festival#breadcrumb","itemListElement":[{"@type":"ListItem","position":1,"name":"Accueil","item":"https://marionlomonaco.fr/"},{"@type":"ListItem","position":2,"name":"\u00c9v\u00e8nements","item":"http://marionlomonaco.fr/?post_type=tribe_events"},{"@type":"ListItem","position":3,"name":"samedi 25 f\u00e9vrier \u00e0 20h30 : Participation \u00e0 la cl\u00f4ture du festival"}]}]}</script>
<!-- / Yoast SEO plugin. -->

samedi 25 février à 20h30 : Participation à la clôture du festival - Marion Lo Monaco

Évènements
