{"id":2391,"date":"2017-07-05T17:58:30","date_gmt":"2017-07-05T15:58:30","guid":{"rendered":"http:\/\/marionlomonaco.fr\/?page_id=2391"},"modified":"2026-03-13T17:35:46","modified_gmt":"2026-03-13T16:35:46","slug":"atelier-la-mona","status":"publish","type":"page","link":"https:\/\/marionlomonaco.fr\/","title":{"rendered":"Atelier La Mona"},"content":{"rendered":"<p>[et_pb_section fb_built=\u00a0\u00bb1&Prime; fullwidth=\u00a0\u00bbon\u00a0\u00bb _builder_version=\u00a0\u00bb4.16&Prime; background_color=\u00a0\u00bb#6d6d6d\u00a0\u00bb custom_padding=\u00a0\u00bb0px|0px|0px|0px\u00a0\u00bb global_colors_info=\u00a0\u00bb{}\u00a0\u00bb][et_pb_fullwidth_header title=\u00a0\u00bbAtelier La Mona\u00a0\u00bb subhead=\u00a0\u00bbcr\u00e9ation et restauration de vitraux\u00a0\u00bb header_fullscreen=\u00a0\u00bbon\u00a0\u00bb header_scroll_down=\u00a0\u00bbon\u00a0\u00bb title_font_color=\u00a0\u00bb#cecece\u00a0\u00bb subhead_font_color=\u00a0\u00bb#002e91&Prime; _builder_version=\u00a0\u00bb4.16&Prime; title_font=\u00a0\u00bbPermanent Marker||||||||\u00a0\u00bb title_text_color=\u00a0\u00bb#cecece\u00a0\u00bb title_font_size=\u00a0\u00bb46px\u00a0\u00bb title_letter_spacing=\u00a0\u00bb8px\u00a0\u00bb title_line_height=\u00a0\u00bb1.3em\u00a0\u00bb subhead_font=\u00a0\u00bbArvo||||\u00a0\u00bb subhead_text_color=\u00a0\u00bb#E09900&Prime; subhead_font_size=\u00a0\u00bb30px\u00a0\u00bb subhead_letter_spacing=\u00a0\u00bb9px\u00a0\u00bb subhead_line_height=\u00a0\u00bb1.9em\u00a0\u00bb background_color=\u00a0\u00bbrgba(255, 255, 255, 0)\u00a0\u00bb background_image=\u00a0\u00bbhttps:\/\/marionlomonaco.fr\/wp-content\/uploads\/2017\/09\/Work-Detail-5.jpg\u00a0\u00bb button_one_letter_spacing_hover=\u00a0\u00bb0&Prime; button_two_letter_spacing_hover=\u00a0\u00bb0&Prime; global_colors_info=\u00a0\u00bb{}\u00a0\u00bb button_one_text_size__hover_enabled=\u00a0\u00bboff\u00a0\u00bb button_two_text_size__hover_enabled=\u00a0\u00bboff\u00a0\u00bb button_one_text_color__hover_enabled=\u00a0\u00bboff\u00a0\u00bb button_two_text_color__hover_enabled=\u00a0\u00bboff\u00a0\u00bb button_one_border_width__hover_enabled=\u00a0\u00bboff\u00a0\u00bb button_two_border_width__hover_enabled=\u00a0\u00bboff\u00a0\u00bb button_one_border_color__hover_enabled=\u00a0\u00bboff\u00a0\u00bb button_two_border_color__hover_enabled=\u00a0\u00bboff\u00a0\u00bb button_one_border_radius__hover_enabled=\u00a0\u00bboff\u00a0\u00bb button_two_border_radius__hover_enabled=\u00a0\u00bboff\u00a0\u00bb button_one_letter_spacing__hover_enabled=\u00a0\u00bbon\u00a0\u00bb button_one_letter_spacing__hover=\u00a0\u00bb0&Prime; button_two_letter_spacing__hover_enabled=\u00a0\u00bbon\u00a0\u00bb button_two_letter_spacing__hover=\u00a0\u00bb0&Prime; button_one_bg_color__hover_enabled=\u00a0\u00bboff\u00a0\u00bb button_two_bg_color__hover_enabled=\u00a0\u00bboff\u00a0\u00bb][\/et_pb_fullwidth_header][\/et_pb_section][et_pb_section fb_built=\u00a0\u00bb1&Prime; _builder_version=\u00a0\u00bb4.16&Prime; background_color=\u00a0\u00bb#0a0a0a\u00a0\u00bb global_colors_info=\u00a0\u00bb{}\u00a0\u00bb][et_pb_row column_structure=\u00a0\u00bb1_2,1_2&Prime; _builder_version=\u00a0\u00bb4.16&Prime; background_size=\u00a0\u00bbinitial\u00a0\u00bb background_position=\u00a0\u00bbtop_left\u00a0\u00bb background_repeat=\u00a0\u00bbrepeat\u00a0\u00bb global_colors_info=\u00a0\u00bb{}\u00a0\u00bb][et_pb_column type=\u00a0\u00bb1_2&Prime; _builder_version=\u00a0\u00bb4.16&Prime; custom_padding=\u00a0\u00bb|||\u00a0\u00bb global_colors_info=\u00a0\u00bb{}\u00a0\u00bb custom_padding__hover=\u00a0\u00bb|||\u00a0\u00bb][et_pb_text _builder_version=\u00a0\u00bb4.16&Prime; text_font=\u00a0\u00bbArvo||||\u00a0\u00bb text_text_color=\u00a0\u00bb#d1d1d1&Prime; background_color=\u00a0\u00bbrgba(33,33,33,0)\u00a0\u00bb custom_padding=\u00a0\u00bb||0px|||\u00a0\u00bb border_style=\u00a0\u00bbsolid\u00a0\u00bb inline_fonts=\u00a0\u00bbPermanent Marker\u00a0\u00bb global_colors_info=\u00a0\u00bb{}\u00a0\u00bb]<\/p>\n<p align=\"left\"><strong><span style=\"color: #e09900;\"><span style=\"font-family: Calibri Light, sans-serif;\"><span style=\"font-size: large;\">Form\u00e9e aux techniques traditionnelles du vitrail, <\/span><\/span><span style=\"font-family: Calibri Light, sans-serif;\"><span style=\"font-size: large;\">Marion Lo Monaco, <\/span><\/span><span style=\"font-family: Calibri Light, sans-serif;\"><span style=\"font-size: large;\">artisan verrier<\/span><\/span><span style=\"font-family: Calibri Light, sans-serif;\"><span style=\"font-size: large;\">,<\/span><\/span><span style=\"font-family: Calibri Light, sans-serif;\"><span style=\"font-size: large;\"> <\/span><\/span><span style=\"font-family: Calibri Light, sans-serif;\"><span style=\"font-size: large;\">allie tradition et modernit\u00e9<\/span><\/span><span style=\"font-family: Calibri Light, sans-serif;\"><span style=\"font-size: large;\"> <\/span><\/span><span style=\"font-family: Calibri Light, sans-serif;\"><span style=\"font-size: large;\">au service de la <\/span><\/span><span style=\"font-family: Calibri Light, sans-serif;\"><span style=\"font-size: large;\">cr\u00e9ation de vitraux contemporains, ou de la restauration de <\/span><\/span><span style=\"font-family: Calibri Light, sans-serif;\"><span style=\"font-size: large;\">vitraux<\/span><\/span><span style=\"font-family: Calibri Light, sans-serif;\"><span style=\"font-size: large;\"> anciens<\/span><\/span><span style=\"font-family: Calibri Light, sans-serif;\"><span style=\"font-size: large;\">.<\/span><\/span><\/span><\/strong><\/p>\n<p><span><\/span><\/p>\n<p><span><\/span><\/p>\n<p><span><\/span><\/p>\n<p>\u00ab Il n\u2019y a r\u00e9ellement ni beau style, ni beau dessin, ni belle couleur : il n\u2019y a qu\u2019une seule beaut\u00e9, celle de la v\u00e9rit\u00e9 qui se r\u00e9v\u00e8le. \u00bb<\/p>\n<p>Auguste Rodin<\/p>\n<p>\u00a0\u00bb Le v\u00e9ritable artisanat est une alliance harmonieuse entre la cr\u00e9ativit\u00e9 de l&rsquo;\u00e2me et la pr\u00e9cision de la main. \u00ab\u00a0<\/p>\n<p>John Ruskin<\/p>\n<p>\u00a0\u00bb Je fais de la sculpture parce que j&rsquo;y arrive pas.\u00a0\u00bb<\/p>\n<p>Alberto Giacometti<\/p>\n<p>&nbsp;<\/p>\n<p>&nbsp;<\/p>\n<p>[\/et_pb_text][et_pb_image src=\u00a0\u00bbhttps:\/\/marionlomonaco.fr\/wp-content\/uploads\/2026\/03\/Logo-Membre_BatiFemmes_avec-baseline_black.jpg\u00a0\u00bb _builder_version=\u00a0\u00bb4.27.4&Prime; _module_preset=\u00a0\u00bbdefault\u00a0\u00bb title_text=\u00a0\u00bbLogo-Membre_BatiFemmes_avec-baseline_black\u00a0\u00bb hover_enabled=\u00a0\u00bb0&Prime; sticky_enabled=\u00a0\u00bb0&Prime; custom_margin=\u00a0\u00bb|103px||||\u00a0\u00bb custom_padding=\u00a0\u00bb0px|124px||||\u00a0\u00bb][\/et_pb_image][\/et_pb_column][et_pb_column type=\u00a0\u00bb1_2&Prime; _builder_version=\u00a0\u00bb4.16&Prime; custom_padding=\u00a0\u00bb|||\u00a0\u00bb global_colors_info=\u00a0\u00bb{}\u00a0\u00bb custom_padding__hover=\u00a0\u00bb|||\u00a0\u00bb][et_pb_image src=\u00a0\u00bbhttps:\/\/marionlomonaco.fr\/wp-content\/uploads\/2025\/11\/IMG_20240919_162846.jpg\u00a0\u00bb title_text=\u00a0\u00bbIMG_20240919_162846&Prime; align_tablet=\u00a0\u00bbcenter\u00a0\u00bb align_phone=\u00a0\u00bb\u00a0\u00bb align_last_edited=\u00a0\u00bbon|desktop\u00a0\u00bb _builder_version=\u00a0\u00bb4.16&Prime; border_style=\u00a0\u00bbsolid\u00a0\u00bb sticky=\u00a0\u00bboff\u00a0\u00bb global_colors_info=\u00a0\u00bb{}\u00a0\u00bb][\/et_pb_image][\/et_pb_column][\/et_pb_row][\/et_pb_section]<\/p>\n","protected":false},"excerpt":{"rendered":"<p>Form\u00e9e aux techniques traditionnelles du vitrail, Marion Lo Monaco, artisan verrier, allie tradition et modernit\u00e9 au service de la cr\u00e9ation de vitraux contemporains, ou de la restauration de vitraux anciens. \u00ab Il n\u2019y a r\u00e9ellement ni beau style, ni beau dessin, ni belle couleur : il n\u2019y a qu\u2019une seule beaut\u00e9, celle de la v\u00e9rit\u00e9 [&hellip;]<\/p>\n","protected":false},"author":1,"featured_media":0,"parent":0,"menu_order":0,"comment_status":"closed","ping_status":"closed","template":"","meta":{"_et_pb_use_builder":"on","_et_pb_old_content":"","_et_gb_content_width":""},"yoast_head":"<!-- This site is optimized with the Yoast SEO plugin v17.3 - https:\/\/yoast.com\/wordpress\/plugins\/seo\/ -->\n<title>Atelier La Mona Vitraux<\/title>\n<meta name=\"description\" content=\"Form\u00e9e aux techniques traditionnelles du vitrail, Marion Lo Monaco, artisan verrier, allie tradition et modernit\u00e9 au service de la cr\u00e9ation de vitraux contemporains, ou de la restauration de vitraux anciens.\" \/>\n<meta name=\"robots\" content=\"index, follow, max-snippet:-1, max-image-preview:large, max-video-preview:-1\" \/>\n<link rel=\"canonical\" href=\"https:\/\/marionlomonaco.fr\/\" \/>\n<meta property=\"og:locale\" content=\"fr_FR\" \/>\n<meta property=\"og:type\" content=\"article\" \/>\n<meta property=\"og:title\" content=\"Atelier La Mona Vitraux\" \/>\n<meta property=\"og:description\" content=\"Form\u00e9e aux techniques traditionnelles du vitrail, Marion Lo Monaco, artisan verrier, allie tradition et modernit\u00e9 au service de la cr\u00e9ation de vitraux contemporains, ou de la restauration de vitraux anciens.\" \/>\n<meta property=\"og:url\" content=\"https:\/\/marionlomonaco.fr\/\" \/>\n<meta property=\"og:site_name\" content=\"Marion Lo Monaco\" \/>\n<meta property=\"article:modified_time\" content=\"2026-03-13T16:35:46+00:00\" \/>\n<meta property=\"og:image\" content=\"https:\/\/marionlomonaco.fr\/wp-content\/uploads\/2025\/11\/cropped-logo-blanc-net.jpg\" \/>\n\t<meta property=\"og:image:width\" content=\"512\" \/>\n\t<meta property=\"og:image:height\" content=\"512\" \/>\n<meta name=\"twitter:card\" content=\"summary\" \/>\n<meta name=\"twitter:label1\" content=\"Dur\u00e9e de lecture estim\u00e9e\" \/>\n\t<meta name=\"twitter:data1\" content=\"1 minute\" \/>\n<script type=\"application\/ld+json\" class=\"yoast-schema-graph\">{\"@context\":\"https:\/\/schema.org\",\"@graph\":[{\"@type\":\"WebSite\",\"@id\":\"https:\/\/marionlomonaco.fr\/#website\",\"url\":\"https:\/\/marionlomonaco.fr\/\",\"name\":\"Marion Lo Monaco\",\"description\":\"Atelier LA MONA - Vitraux\",\"potentialAction\":[{\"@type\":\"SearchAction\",\"target\":{\"@type\":\"EntryPoint\",\"urlTemplate\":\"https:\/\/marionlomonaco.fr\/?s={search_term_string}\"},\"query-input\":\"required name=search_term_string\"}],\"inLanguage\":\"fr-FR\"},{\"@type\":\"ImageObject\",\"@id\":\"https:\/\/marionlomonaco.fr\/#primaryimage\",\"inLanguage\":\"fr-FR\",\"url\":\"https:\/\/marionlomonaco.fr\/wp-content\/uploads\/2025\/11\/cropped-logo-blanc-net.jpg\",\"contentUrl\":\"https:\/\/marionlomonaco.fr\/wp-content\/uploads\/2025\/11\/cropped-logo-blanc-net.jpg\",\"width\":512,\"height\":512},{\"@type\":\"WebPage\",\"@id\":\"https:\/\/marionlomonaco.fr\/#webpage\",\"url\":\"https:\/\/marionlomonaco.fr\/\",\"name\":\"Atelier La Mona Vitraux\",\"isPartOf\":{\"@id\":\"https:\/\/marionlomonaco.fr\/#website\"},\"datePublished\":\"2017-07-05T15:58:30+00:00\",\"dateModified\":\"2026-03-13T16:35:46+00:00\",\"description\":\"Form\\u00e9e aux techniques traditionnelles du vitrail, Marion Lo Monaco, artisan verrier, allie tradition et modernit\\u00e9 au service de la cr\\u00e9ation de vitraux contemporains, ou de la restauration de vitraux anciens.\",\"breadcrumb\":{\"@id\":\"https:\/\/marionlomonaco.fr\/#breadcrumb\"},\"inLanguage\":\"fr-FR\",\"potentialAction\":[{\"@type\":\"ReadAction\",\"target\":[\"https:\/\/marionlomonaco.fr\/\"]}]},{\"@type\":\"BreadcrumbList\",\"@id\":\"https:\/\/marionlomonaco.fr\/#breadcrumb\",\"itemListElement\":[{\"@type\":\"ListItem\",\"position\":1,\"name\":\"Accueil\",\"item\":\"https:\/\/marionlomonaco.fr\/\"},{\"@type\":\"ListItem\",\"position\":2,\"name\":\"Atelier La Mona\"}]}]}<\/script>\n<!-- \/ Yoast SEO plugin. -->","yoast_head_json":{"title":"Atelier La Mona Vitraux","description":"Form\u00e9e aux techniques traditionnelles du vitrail, Marion Lo Monaco, artisan verrier, allie tradition et modernit\u00e9 au service de la cr\u00e9ation de vitraux contemporains, ou de la restauration de vitraux anciens.","robots":{"index":"index","follow":"follow","max-snippet":"max-snippet:-1","max-image-preview":"max-image-preview:large","max-video-preview":"max-video-preview:-1"},"canonical":"https:\/\/marionlomonaco.fr\/","og_locale":"fr_FR","og_type":"article","og_title":"Atelier La Mona Vitraux","og_description":"Form\u00e9e aux techniques traditionnelles du vitrail, Marion Lo Monaco, artisan verrier, allie tradition et modernit\u00e9 au service de la cr\u00e9ation de vitraux contemporains, ou de la restauration de vitraux anciens.","og_url":"https:\/\/marionlomonaco.fr\/","og_site_name":"Marion Lo Monaco","article_modified_time":"2026-03-13T16:35:46+00:00","og_image":[{"width":512,"height":512,"url":"https:\/\/marionlomonaco.fr\/wp-content\/uploads\/2025\/11\/cropped-logo-blanc-net.jpg","type":"image\/jpeg"}],"twitter_card":"summary","twitter_misc":{"Dur\u00e9e de lecture estim\u00e9e":"1 minute"},"schema":{"@context":"https:\/\/schema.org","@graph":[{"@type":"WebSite","@id":"https:\/\/marionlomonaco.fr\/#website","url":"https:\/\/marionlomonaco.fr\/","name":"Marion Lo Monaco","description":"Atelier LA MONA - Vitraux","potentialAction":[{"@type":"SearchAction","target":{"@type":"EntryPoint","urlTemplate":"https:\/\/marionlomonaco.fr\/?s={search_term_string}"},"query-input":"required name=search_term_string"}],"inLanguage":"fr-FR"},{"@type":"ImageObject","@id":"https:\/\/marionlomonaco.fr\/#primaryimage","inLanguage":"fr-FR","url":"https:\/\/marionlomonaco.fr\/wp-content\/uploads\/2025\/11\/cropped-logo-blanc-net.jpg","contentUrl":"https:\/\/marionlomonaco.fr\/wp-content\/uploads\/2025\/11\/cropped-logo-blanc-net.jpg","width":512,"height":512},{"@type":"WebPage","@id":"https:\/\/marionlomonaco.fr\/#webpage","url":"https:\/\/marionlomonaco.fr\/","name":"Atelier La Mona Vitraux","isPartOf":{"@id":"https:\/\/marionlomonaco.fr\/#website"},"datePublished":"2017-07-05T15:58:30+00:00","dateModified":"2026-03-13T16:35:46+00:00","description":"Form\u00e9e aux techniques traditionnelles du vitrail, Marion Lo Monaco, artisan verrier, allie tradition et modernit\u00e9 au service de la cr\u00e9ation de vitraux contemporains, ou de la restauration de vitraux anciens.","breadcrumb":{"@id":"https:\/\/marionlomonaco.fr\/#breadcrumb"},"inLanguage":"fr-FR","potentialAction":[{"@type":"ReadAction","target":["https:\/\/marionlomonaco.fr\/"]}]},{"@type":"BreadcrumbList","@id":"https:\/\/marionlomonaco.fr\/#breadcrumb","itemListElement":[{"@type":"ListItem","position":1,"name":"Accueil","item":"https:\/\/marionlomonaco.fr\/"},{"@type":"ListItem","position":2,"name":"Atelier La Mona"}]}]}},"_links":{"self":[{"href":"https:\/\/marionlomonaco.fr\/index.php?rest_route=\/wp\/v2\/pages\/2391"}],"collection":[{"href":"https:\/\/marionlomonaco.fr\/index.php?rest_route=\/wp\/v2\/pages"}],"about":[{"href":"https:\/\/marionlomonaco.fr\/index.php?rest_route=\/wp\/v2\/types\/page"}],"author":[{"embeddable":true,"href":"https:\/\/marionlomonaco.fr\/index.php?rest_route=\/wp\/v2\/users\/1"}],"replies":[{"embeddable":true,"href":"https:\/\/marionlomonaco.fr\/index.php?rest_route=%2Fwp%2Fv2%2Fcomments&post=2391"}],"version-history":[{"count":111,"href":"https:\/\/marionlomonaco.fr\/index.php?rest_route=\/wp\/v2\/pages\/2391\/revisions"}],"predecessor-version":[{"id":4866,"href":"https:\/\/marionlomonaco.fr\/index.php?rest_route=\/wp\/v2\/pages\/2391\/revisions\/4866"}],"wp:attachment":[{"href":"https:\/\/marionlomonaco.fr\/index.php?rest_route=%2Fwp%2Fv2%2Fmedia&parent=2391"}],"curies":[{"name":"wp","href":"https:\/\/api.w.org\/{rel}","templated":true}]}}